{"id":5369,"date":"2026-01-12T22:45:07","date_gmt":"2026-01-12T22:45:07","guid":{"rendered":"https:\/\/dev.maryknollsociety.org\/misioneros\/?page_id=5369"},"modified":"2026-01-12T22:46:09","modified_gmt":"2026-01-12T22:46:09","slug":"programa-asociado","status":"publish","type":"page","link":"https:\/\/dev.maryknollsociety.org\/misioneros\/programa-asociado\/","title":{"rendered":"Programa Asociado"},"content":{"rendered":"\r\n\r\n\r\n\r\n\r\n        <div class=\"site-content banner-page-title\">\r\n            <h1>\r\n                Programa Asociado            <\/h1>\r\n        <\/div>\r\n\n\n\n<p>El Programa de Sacerdotes Asociados de Maryknoll brinda a los sacerdotes y hermanos religiosos y diocesanos la oportunidad de participar en nuestros esfuerzos misioneros en el extranjero durante cinco a\u00f1os.<\/p>\n\n\n\n<p>Es una oportunidad \u00fanica para\u2026<\/p>\n\n\n\n<ul class=\"wp-block-list\">\n<li>Responder al llamado de Cristo de proclamar las Buenas Nuevas a todas las naciones;<\/li>\n\n\n\n<li>Servir de tres a cinco a\u00f1os representando a tu di\u00f3cesis o comunidad en Asia, \u00c1frica o Am\u00e9rica Latina;<\/li>\n\n\n\n<li>Caminar en solidaridad con las personas en el extranjero y trabajar lado a lado con nuestros misioneros;<\/li>\n\n\n\n<li>Enriquecer tu propia vocaci\u00f3n a trav\u00e9s de este servicio y solidaridad;<\/li>\n\n\n\n<li>Regresar a tu comunidad con ideas y experiencias que fortalecer\u00e1n tu ministerio.<\/li>\n<\/ul>\n\n\n\n<p>Los sacerdotes y hermanos religiosos que deseen participar en el programa de Asociados deben obtener el permiso de su Superior Ordinario o Religioso para entrar en el proceso de discernimiento con el equipo de Vocaciones Maryknoll. Durante este proceso de acompa\u00f1amiento, generalmente de 8 a 12 meses, un candidato asociado cumple con varios requisitos de admisi\u00f3n, que incluyen: una entrevista general sobre tu vida y familia; otra entrevista m\u00e1s enfocada sobre ti;&nbsp; una visita a nuestro centro en Nueva York; y una autobiograf\u00eda.<\/p>\n\n\n\n<p>Al completar los requisitos de solicitud de admisi\u00f3n \u00e9sta es enviada a la Junta de Admisiones de Maryknoll para su consideraci\u00f3n. Una vez aprobado, el sacerdote o hermano es aceptado formalmente como Asociado. (Durante su tiempo con nosotros, los sacerdotes diocesanos permanecen incardinados en sus propias di\u00f3cesis, y los miembros de congregaciones religiosas permanecen como miembros de sus propias congregaciones)<\/p>\n\n\n\n<p>Una vez aceptado como Asociado, te capacitamos para el trabajo misionero en el extranjero en un programa de orientaci\u00f3n de seis semanas en nuestra cede en Maryknoll, NY. Posteriormente, se firma un contrato entre el Asociado, la Sociedad Maryknoll y el obispo o superior religioso del individuo.<\/p>\n\n\n\n<p>Como Asociado de Maryknoll, recibes el mismo estipendio mensual y beneficios m\u00e9dicos que un miembro de la Sociedad. Maryknoll tambi\u00e9n paga anualmente tu plan de jubilaci\u00f3n diocesano mientras est\u00e1s bajo contrato. Durante el per\u00edodo del contrato, el Asociado disfruta de los mismos derechos, privilegios y obligaciones que un Miembro de la Sociedad, con excepci\u00f3n del voto durante los cap\u00edtulos Generales can\u00f3nicos de Maryknoll. Sin embargo, los Asociados tienen plenos derechos de voto en la Regi\u00f3n de Maryknoll, donde se les asigna asuntos relacionados con el apostolado.<\/p>\n\n\n\n<h2 class=\"wp-block-heading\">\u00bfQuieres preguntar por nuestro Programa de Asociados para Sacerdotes?<\/h2>\n\n\n\n<p><em><strong>Si tienes una pregunta o deseas comenzar a discernir con nosotros, favor de contactarnos en <\/strong><\/em><strong><a href=\"http:\/\/www.Maryknollvocations.org\">www.Maryknollvocations.org<\/a><\/strong><\/p>\n","protected":false},"excerpt":{"rendered":"<p>El Programa de Sacerdotes Asociados de Maryknoll brinda a los sacerdotes y hermanos religiosos y diocesanos la oportunidad de participar&#8230;<\/p>\n","protected":false},"author":1,"featured_media":0,"parent":0,"menu_order":0,"comment_status":"closed","ping_status":"closed","template":"","meta":{"_acf_changed":false,"_eb_attr":"","_eb_data_table":"","footnotes":""},"folder":[],"class_list":["post-5369","page","type-page","status-publish","hentry"],"acf":[],"yoast_head":"<!-- This site is optimized with the Yoast SEO plugin v26.5 - https:\/\/yoast.com\/wordpress\/plugins\/seo\/ -->\n<title>Programa Asociado - Misioneros Maryknoll<\/title>\n<meta name=\"robots\" content=\"noindex, follow, max-snippet:-1, max-image-preview:large, max-video-preview:-1\" \/>\n<meta property=\"og:locale\" content=\"es_ES\" \/>\n<meta property=\"og:type\" content=\"article\" \/>\n<meta property=\"og:title\" content=\"Programa Asociado - Misioneros Maryknoll\" \/>\n<meta property=\"og:description\" content=\"El Programa de Sacerdotes Asociados de Maryknoll brinda a los sacerdotes y hermanos religiosos y diocesanos la oportunidad de participar...\" \/>\n<meta property=\"og:url\" content=\"https:\/\/dev.maryknollsociety.org\/misioneros\/programa-asociado\/\" \/>\n<meta property=\"og:site_name\" content=\"Misioneros Maryknoll\" \/>\n<meta property=\"article:modified_time\" content=\"2026-01-12T22:46:09+00:00\" \/>\n<meta name=\"twitter:card\" content=\"summary_large_image\" \/>\n<meta name=\"twitter:label1\" content=\"Tiempo de lectura\" \/>\n\t<meta name=\"twitter:data1\" content=\"2 minutos\" \/>\n<script type=\"application\/ld+json\" class=\"yoast-schema-graph\">{\"@context\":\"https:\/\/schema.org\",\"@graph\":[{\"@type\":\"WebPage\",\"@id\":\"https:\/\/dev.maryknollsociety.org\/misioneros\/programa-asociado\/\",\"url\":\"https:\/\/dev.maryknollsociety.org\/misioneros\/programa-asociado\/\",\"name\":\"Programa Asociado - Misioneros Maryknoll\",\"isPartOf\":{\"@id\":\"https:\/\/dev.maryknollsociety.org\/misioneros\/#website\"},\"datePublished\":\"2026-01-12T22:45:07+00:00\",\"dateModified\":\"2026-01-12T22:46:09+00:00\",\"breadcrumb\":{\"@id\":\"https:\/\/dev.maryknollsociety.org\/misioneros\/programa-asociado\/#breadcrumb\"},\"inLanguage\":\"es\",\"potentialAction\":[{\"@type\":\"ReadAction\",\"target\":[\"https:\/\/dev.maryknollsociety.org\/misioneros\/programa-asociado\/\"]}]},{\"@type\":\"BreadcrumbList\",\"@id\":\"https:\/\/dev.maryknollsociety.org\/misioneros\/programa-asociado\/#breadcrumb\",\"itemListElement\":[{\"@type\":\"ListItem\",\"position\":1,\"name\":\"Home\",\"item\":\"https:\/\/dev.maryknollsociety.org\/misioneros\/\"},{\"@type\":\"ListItem\",\"position\":2,\"name\":\"Programa Asociado\"}]},{\"@type\":\"WebSite\",\"@id\":\"https:\/\/dev.maryknollsociety.org\/misioneros\/#website\",\"url\":\"https:\/\/dev.maryknollsociety.org\/misioneros\/\",\"name\":\"Misioneros Maryknoll\",\"description\":\"\",\"publisher\":{\"@id\":\"https:\/\/dev.maryknollsociety.org\/misioneros\/#organization\"},\"potentialAction\":[{\"@type\":\"SearchAction\",\"target\":{\"@type\":\"EntryPoint\",\"urlTemplate\":\"https:\/\/dev.maryknollsociety.org\/misioneros\/?s={search_term_string}\"},\"query-input\":{\"@type\":\"PropertyValueSpecification\",\"valueRequired\":true,\"valueName\":\"search_term_string\"}}],\"inLanguage\":\"es\"},{\"@type\":\"Organization\",\"@id\":\"https:\/\/dev.maryknollsociety.org\/misioneros\/#organization\",\"name\":\"Misioneros Maryknoll\",\"url\":\"https:\/\/dev.maryknollsociety.org\/misioneros\/\",\"logo\":{\"@type\":\"ImageObject\",\"inLanguage\":\"es\",\"@id\":\"https:\/\/dev.maryknollsociety.org\/misioneros\/#\/schema\/logo\/image\/\",\"url\":\"https:\/\/dev.maryknollsociety.org\/misioneros\/wp-content\/uploads\/sites\/3\/2025\/05\/cropped-MKFB_Logo_Transparet1.png\",\"contentUrl\":\"https:\/\/dev.maryknollsociety.org\/misioneros\/wp-content\/uploads\/sites\/3\/2025\/05\/cropped-MKFB_Logo_Transparet1.png\",\"width\":333,\"height\":68,\"caption\":\"Misioneros Maryknoll\"},\"image\":{\"@id\":\"https:\/\/dev.maryknollsociety.org\/misioneros\/#\/schema\/logo\/image\/\"}}]}<\/script>\n<!-- \/ Yoast SEO plugin. -->","yoast_head_json":{"title":"Programa Asociado - Misioneros Maryknoll","robots":{"index":"noindex","follow":"follow","max-snippet":"max-snippet:-1","max-image-preview":"max-image-preview:large","max-video-preview":"max-video-preview:-1"},"og_locale":"es_ES","og_type":"article","og_title":"Programa Asociado - Misioneros Maryknoll","og_description":"El Programa de Sacerdotes Asociados de Maryknoll brinda a los sacerdotes y hermanos religiosos y diocesanos la oportunidad de participar...","og_url":"https:\/\/dev.maryknollsociety.org\/misioneros\/programa-asociado\/","og_site_name":"Misioneros Maryknoll","article_modified_time":"2026-01-12T22:46:09+00:00","twitter_card":"summary_large_image","twitter_misc":{"Tiempo de lectura":"2 minutos"},"schema":{"@context":"https:\/\/schema.org","@graph":[{"@type":"WebPage","@id":"https:\/\/dev.maryknollsociety.org\/misioneros\/programa-asociado\/","url":"https:\/\/dev.maryknollsociety.org\/misioneros\/programa-asociado\/","name":"Programa Asociado - Misioneros Maryknoll","isPartOf":{"@id":"https:\/\/dev.maryknollsociety.org\/misioneros\/#website"},"datePublished":"2026-01-12T22:45:07+00:00","dateModified":"2026-01-12T22:46:09+00:00","breadcrumb":{"@id":"https:\/\/dev.maryknollsociety.org\/misioneros\/programa-asociado\/#breadcrumb"},"inLanguage":"es","potentialAction":[{"@type":"ReadAction","target":["https:\/\/dev.maryknollsociety.org\/misioneros\/programa-asociado\/"]}]},{"@type":"BreadcrumbList","@id":"https:\/\/dev.maryknollsociety.org\/misioneros\/programa-asociado\/#breadcrumb","itemListElement":[{"@type":"ListItem","position":1,"name":"Home","item":"https:\/\/dev.maryknollsociety.org\/misioneros\/"},{"@type":"ListItem","position":2,"name":"Programa Asociado"}]},{"@type":"WebSite","@id":"https:\/\/dev.maryknollsociety.org\/misioneros\/#website","url":"https:\/\/dev.maryknollsociety.org\/misioneros\/","name":"Misioneros Maryknoll","description":"","publisher":{"@id":"https:\/\/dev.maryknollsociety.org\/misioneros\/#organization"},"potentialAction":[{"@type":"SearchAction","target":{"@type":"EntryPoint","urlTemplate":"https:\/\/dev.maryknollsociety.org\/misioneros\/?s={search_term_string}"},"query-input":{"@type":"PropertyValueSpecification","valueRequired":true,"valueName":"search_term_string"}}],"inLanguage":"es"},{"@type":"Organization","@id":"https:\/\/dev.maryknollsociety.org\/misioneros\/#organization","name":"Misioneros Maryknoll","url":"https:\/\/dev.maryknollsociety.org\/misioneros\/","logo":{"@type":"ImageObject","inLanguage":"es","@id":"https:\/\/dev.maryknollsociety.org\/misioneros\/#\/schema\/logo\/image\/","url":"https:\/\/dev.maryknollsociety.org\/misioneros\/wp-content\/uploads\/sites\/3\/2025\/05\/cropped-MKFB_Logo_Transparet1.png","contentUrl":"https:\/\/dev.maryknollsociety.org\/misioneros\/wp-content\/uploads\/sites\/3\/2025\/05\/cropped-MKFB_Logo_Transparet1.png","width":333,"height":68,"caption":"Misioneros Maryknoll"},"image":{"@id":"https:\/\/dev.maryknollsociety.org\/misioneros\/#\/schema\/logo\/image\/"}}]}},"_links":{"self":[{"href":"https:\/\/dev.maryknollsociety.org\/misioneros\/wp-json\/wp\/v2\/pages\/5369","targetHints":{"allow":["GET"]}}],"collection":[{"href":"https:\/\/dev.maryknollsociety.org\/misioneros\/wp-json\/wp\/v2\/pages"}],"about":[{"href":"https:\/\/dev.maryknollsociety.org\/misioneros\/wp-json\/wp\/v2\/types\/page"}],"author":[{"embeddable":true,"href":"https:\/\/dev.maryknollsociety.org\/misioneros\/wp-json\/wp\/v2\/users\/1"}],"replies":[{"embeddable":true,"href":"https:\/\/dev.maryknollsociety.org\/misioneros\/wp-json\/wp\/v2\/comments?post=5369"}],"version-history":[{"count":3,"href":"https:\/\/dev.maryknollsociety.org\/misioneros\/wp-json\/wp\/v2\/pages\/5369\/revisions"}],"predecessor-version":[{"id":5373,"href":"https:\/\/dev.maryknollsociety.org\/misioneros\/wp-json\/wp\/v2\/pages\/5369\/revisions\/5373"}],"wp:attachment":[{"href":"https:\/\/dev.maryknollsociety.org\/misioneros\/wp-json\/wp\/v2\/media?parent=5369"}],"wp:term":[{"taxonomy":"folder","embeddable":true,"href":"https:\/\/dev.maryknollsociety.org\/misioneros\/wp-json\/wp\/v2\/folder?post=5369"}],"curies":[{"name":"wp","href":"https:\/\/api.w.org\/{rel}","templated":true}]}}