{"id":5343,"date":"2026-01-12T19:36:53","date_gmt":"2026-01-12T19:36:53","guid":{"rendered":"https:\/\/dev.maryknollsociety.org\/misioneros\/?page_id=5343"},"modified":"2026-01-12T19:39:35","modified_gmt":"2026-01-12T19:39:35","slug":"discernimiento","status":"publish","type":"page","link":"https:\/\/dev.maryknollsociety.org\/misioneros\/discernimiento\/","title":{"rendered":"Discernimiento"},"content":{"rendered":"\r\n\r\n\r\n\r\n\r\n        <div class=\"site-content banner-page-title\">\r\n            <h1>\r\n                Discernimiento            <\/h1>\r\n        <\/div>\r\n\n\n\n<div class=\"wp-block-columns is-layout-flex wp-container-core-columns-is-layout-9d6595d7 wp-block-columns-is-layout-flex\">\n<div class=\"wp-block-column is-layout-flow wp-block-column-is-layout-flow\">\n<p>La misi\u00f3n del equipo del Ministerio de Vocaciones de Maryknoll es facilitar y acompa\u00f1ar a los candidatos de Maryknoll interesados \u200b\u200ben un compromiso de por vida con el sacerdocio o la hermandad durante su proceso de discernimiento para la misi\u00f3n.<\/p>\n\n\n\n<p>Durante esta Fase de Discernimiento de la misi\u00f3n, que suele durar de 6 a 8 meses, te reunir\u00e1s regularmente con los miembros de nuestro equipo de Ministerio de Vocaciones de Maryknoll en un esp\u00edritu de di\u00e1logo, descubrimiento y, en \u00faltima instancia, de decisi\u00f3n. Estamos aqu\u00ed para ayudarte a determinar, con paz de coraz\u00f3n y entusiasmo de prop\u00f3sito, si una vida de sacerdocio o hermandad misionera es lo \u201ccorrecta\u201d para ti.<\/p>\n\n\n\n<p>Para hacer esto, organizaremos oportunidades regulares para reunirnos y comunicarnos contigo al menos una vez cada 4-6 semanas. Se te invitar\u00e1 a asistir a oportunidades especiales de retiro, encuentros comunitarios y experiencias de inmersi\u00f3n en el extranjero.<\/p>\n<\/div>\n\n\n\n<div class=\"wp-block-column is-layout-flow wp-block-column-is-layout-flow\">\n<figure class=\"wp-block-image size-large\"><img loading=\"lazy\" decoding=\"async\" width=\"1024\" height=\"768\" src=\"https:\/\/dev.maryknollsociety.org\/misioneros\/wp-content\/uploads\/sites\/3\/2026\/01\/disc-1024x768.jpg\" alt=\"Tres sacerdotes Maryknoll est\u00e1n detr\u00e1s del altar celebrando misa\" class=\"wp-image-5344\" srcset=\"https:\/\/dev.maryknollsociety.org\/misioneros\/wp-content\/uploads\/sites\/3\/2026\/01\/disc-1024x768.jpg 1024w, https:\/\/dev.maryknollsociety.org\/misioneros\/wp-content\/uploads\/sites\/3\/2026\/01\/disc-300x225.jpg 300w, https:\/\/dev.maryknollsociety.org\/misioneros\/wp-content\/uploads\/sites\/3\/2026\/01\/disc-768x576.jpg 768w, https:\/\/dev.maryknollsociety.org\/misioneros\/wp-content\/uploads\/sites\/3\/2026\/01\/disc-400x300.jpg 400w, https:\/\/dev.maryknollsociety.org\/misioneros\/wp-content\/uploads\/sites\/3\/2026\/01\/disc.jpg 1440w\" sizes=\"auto, (max-width: 1024px) 100vw, 1024px\" \/><figcaption class=\"wp-element-caption\">Tres sacerdotes Maryknoll celebran misa.<\/figcaption><\/figure>\n<\/div>\n<\/div>\n\n\n\n<p><br>Tambi\u00e9n se te alentar\u00e1 a participar en una direcci\u00f3n espiritual regular con un director capacitado. Juntos, viajaremos contigo a trav\u00e9s de cuatro pasos de conciencia vocacional:<\/p>\n\n\n\n<ul class=\"wp-block-list\">\n<li>Profundizar la comprensi\u00f3n de ti mismo y de tu llamado a la misi\u00f3n<\/li>\n\n\n\n<li>Recopilar informaci\u00f3n y explorar opciones.<\/li>\n\n\n\n<li>Llegar en oraci\u00f3n y mutuamente a una decisi\u00f3n que se sienta \u201cbien\u201d para ti<\/li>\n\n\n\n<li>Permitir la oportunidad de que puedas confirmar que tu decisi\u00f3n es la correcta<\/li>\n<\/ul>\n\n\n\n<p>A medida que avances en la conciencia vocacional, realizaremos un conjunto de entrevistas formales dise\u00f1adas para ayudarte a ti y a Maryknoll a llegar a un punto de comprensi\u00f3n y claridad sobre tu preparaci\u00f3n para la misi\u00f3n en el extranjero. En el discernimiento verdadero, orante, honesto y exitoso, no hay \u201cmalos resultados\u201d. M\u00e1s bien, hay una sensaci\u00f3n de paz al decidir que los pr\u00f3ximos pasos en tu vida te llevar\u00e1n o no a la formaci\u00f3n inicial con Maryknoll. El ministerio de nuestro Equipo de Ministerios Vocacionales est\u00e1 dirigido en \u00faltima instancia a ayudarte a experimentar el tipo de gozo y prop\u00f3sito en la vida al que Dios te llama como misionero Maryknoll o a trav\u00e9s de otra forma de vida.<\/p>\n\n\n\n<p>Idealmente, nuestro proceso de Discernimiento contigo debe comenzar de manera regular a m\u00e1s tardar en agosto del a\u00f1o antes de que intentes ingresar a nuestro programa de Formaci\u00f3n Inicial.<\/p>\n\n\n\n<h2 class=\"wp-block-heading\">Sugerencias Para una Vida Espiritual Saludable<\/h2>\n\n\n\n<ul class=\"wp-block-list\">\n<li>Ora todos los d\u00edas, por lo menos, en la ma\u00f1ana y por la noche.<\/li>\n\n\n\n<li>Asiste a Misa (si es posible, todos los d\u00edas) y aseg\u00farate de recibir la Eucarist\u00eda en la Misa.<\/li>\n\n\n\n<li>Participa al menos mensualmente en el sacramento de la reconciliaci\u00f3n (confesi\u00f3n).<\/li>\n\n\n\n<li>Habla regularmente (por tel\u00e9fono, correo electr\u00f3nico o en persona) con un miembro del equipo del Ministerio de Vocaciones de Maryknoll.<\/li>\n\n\n\n<li>Ingresa a la Direcci\u00f3n Espiritual con un director experimentado que ha servido en la misi\u00f3n.<\/li>\n\n\n\n<li>Has un compromiso formal de servicio, ofreci\u00e9ndote como voluntario en alg\u00fan tipo de ministerio social patrocinado por tu comunidad parroquial o Di\u00f3cesis \/ Arquidi\u00f3cesis.<\/li>\n\n\n\n<li>Lee y ora con los Evangelios.<\/li>\n\n\n\n<li>Practica las devociones a la Sant\u00edsima Virgen Mar\u00eda, la Madre de Dios, y en particular reza el Rosario de la Misi\u00f3n y pide la intercesi\u00f3n de Nuestra Se\u00f1ora de Maryknoll.<\/li>\n\n\n\n<li>Participa en la Adoraci\u00f3n Eucar\u00edstica y en las Horas Santas, abriendo tu coraz\u00f3n ante el Sant\u00edsimo Sacramento.<\/li>\n\n\n\n<li>Vive una vida de virtud y practica imitar a Cristo en actitud y comportamiento.<\/li>\n\n\n\n<li>Participa en la lectura espiritual regular enfocada en comprender la Espiritualidad de la Misi\u00f3n y la teolog\u00eda de la misi\u00f3n: encuentra libros cat\u00f3licos sobre el discernimiento y \/ o tradiciones espirituales y l\u00e9elos cuidadosamente.<\/li>\n\n\n\n<li>Socializa con personas buenas y permite que esta energ\u00eda positiva inspire tu discernimiento.<\/li>\n<\/ul>\n","protected":false},"excerpt":{"rendered":"<p>La misi\u00f3n del equipo del Ministerio de Vocaciones de Maryknoll es facilitar y acompa\u00f1ar a los candidatos de Maryknoll interesados&#8230;<\/p>\n","protected":false},"author":1,"featured_media":0,"parent":0,"menu_order":0,"comment_status":"closed","ping_status":"closed","template":"","meta":{"_acf_changed":false,"_eb_attr":"","_eb_data_table":"","footnotes":""},"folder":[],"class_list":["post-5343","page","type-page","status-publish","hentry"],"acf":[],"yoast_head":"<!-- This site is optimized with the Yoast SEO plugin v26.5 - https:\/\/yoast.com\/wordpress\/plugins\/seo\/ -->\n<title>Discernimiento - Misioneros Maryknoll<\/title>\n<meta name=\"robots\" content=\"noindex, follow, max-snippet:-1, max-image-preview:large, max-video-preview:-1\" \/>\n<meta property=\"og:locale\" content=\"es_ES\" \/>\n<meta property=\"og:type\" content=\"article\" \/>\n<meta property=\"og:title\" content=\"Discernimiento - Misioneros Maryknoll\" \/>\n<meta property=\"og:description\" content=\"La misi\u00f3n del equipo del Ministerio de Vocaciones de Maryknoll es facilitar y acompa\u00f1ar a los candidatos de Maryknoll interesados...\" \/>\n<meta property=\"og:url\" content=\"https:\/\/dev.maryknollsociety.org\/misioneros\/discernimiento\/\" \/>\n<meta property=\"og:site_name\" content=\"Misioneros Maryknoll\" \/>\n<meta property=\"article:modified_time\" content=\"2026-01-12T19:39:35+00:00\" \/>\n<meta property=\"og:image\" content=\"https:\/\/dev.maryknollsociety.org\/misioneros\/wp-content\/uploads\/sites\/3\/2026\/01\/disc.jpg\" \/>\n\t<meta property=\"og:image:width\" content=\"1440\" \/>\n\t<meta property=\"og:image:height\" content=\"1080\" \/>\n\t<meta property=\"og:image:type\" content=\"image\/jpeg\" \/>\n<meta name=\"twitter:card\" content=\"summary_large_image\" \/>\n<meta name=\"twitter:label1\" content=\"Tiempo de lectura\" \/>\n\t<meta name=\"twitter:data1\" content=\"3 minutos\" \/>\n<script type=\"application\/ld+json\" class=\"yoast-schema-graph\">{\"@context\":\"https:\/\/schema.org\",\"@graph\":[{\"@type\":\"WebPage\",\"@id\":\"https:\/\/dev.maryknollsociety.org\/misioneros\/discernimiento\/\",\"url\":\"https:\/\/dev.maryknollsociety.org\/misioneros\/discernimiento\/\",\"name\":\"Discernimiento - Misioneros Maryknoll\",\"isPartOf\":{\"@id\":\"https:\/\/dev.maryknollsociety.org\/misioneros\/#website\"},\"primaryImageOfPage\":{\"@id\":\"https:\/\/dev.maryknollsociety.org\/misioneros\/discernimiento\/#primaryimage\"},\"image\":{\"@id\":\"https:\/\/dev.maryknollsociety.org\/misioneros\/discernimiento\/#primaryimage\"},\"thumbnailUrl\":\"https:\/\/dev.maryknollsociety.org\/misioneros\/wp-content\/uploads\/sites\/3\/2026\/01\/disc-1024x768.jpg\",\"datePublished\":\"2026-01-12T19:36:53+00:00\",\"dateModified\":\"2026-01-12T19:39:35+00:00\",\"breadcrumb\":{\"@id\":\"https:\/\/dev.maryknollsociety.org\/misioneros\/discernimiento\/#breadcrumb\"},\"inLanguage\":\"es\",\"potentialAction\":[{\"@type\":\"ReadAction\",\"target\":[\"https:\/\/dev.maryknollsociety.org\/misioneros\/discernimiento\/\"]}]},{\"@type\":\"ImageObject\",\"inLanguage\":\"es\",\"@id\":\"https:\/\/dev.maryknollsociety.org\/misioneros\/discernimiento\/#primaryimage\",\"url\":\"https:\/\/dev.maryknollsociety.org\/misioneros\/wp-content\/uploads\/sites\/3\/2026\/01\/disc.jpg\",\"contentUrl\":\"https:\/\/dev.maryknollsociety.org\/misioneros\/wp-content\/uploads\/sites\/3\/2026\/01\/disc.jpg\",\"width\":1440,\"height\":1080,\"caption\":\"Tres sacerdotes Maryknoll celebran misa.\"},{\"@type\":\"BreadcrumbList\",\"@id\":\"https:\/\/dev.maryknollsociety.org\/misioneros\/discernimiento\/#breadcrumb\",\"itemListElement\":[{\"@type\":\"ListItem\",\"position\":1,\"name\":\"Home\",\"item\":\"https:\/\/dev.maryknollsociety.org\/misioneros\/\"},{\"@type\":\"ListItem\",\"position\":2,\"name\":\"Discernimiento\"}]},{\"@type\":\"WebSite\",\"@id\":\"https:\/\/dev.maryknollsociety.org\/misioneros\/#website\",\"url\":\"https:\/\/dev.maryknollsociety.org\/misioneros\/\",\"name\":\"Misioneros Maryknoll\",\"description\":\"\",\"publisher\":{\"@id\":\"https:\/\/dev.maryknollsociety.org\/misioneros\/#organization\"},\"potentialAction\":[{\"@type\":\"SearchAction\",\"target\":{\"@type\":\"EntryPoint\",\"urlTemplate\":\"https:\/\/dev.maryknollsociety.org\/misioneros\/?s={search_term_string}\"},\"query-input\":{\"@type\":\"PropertyValueSpecification\",\"valueRequired\":true,\"valueName\":\"search_term_string\"}}],\"inLanguage\":\"es\"},{\"@type\":\"Organization\",\"@id\":\"https:\/\/dev.maryknollsociety.org\/misioneros\/#organization\",\"name\":\"Misioneros Maryknoll\",\"url\":\"https:\/\/dev.maryknollsociety.org\/misioneros\/\",\"logo\":{\"@type\":\"ImageObject\",\"inLanguage\":\"es\",\"@id\":\"https:\/\/dev.maryknollsociety.org\/misioneros\/#\/schema\/logo\/image\/\",\"url\":\"https:\/\/dev.maryknollsociety.org\/misioneros\/wp-content\/uploads\/sites\/3\/2025\/05\/cropped-MKFB_Logo_Transparet1.png\",\"contentUrl\":\"https:\/\/dev.maryknollsociety.org\/misioneros\/wp-content\/uploads\/sites\/3\/2025\/05\/cropped-MKFB_Logo_Transparet1.png\",\"width\":333,\"height\":68,\"caption\":\"Misioneros Maryknoll\"},\"image\":{\"@id\":\"https:\/\/dev.maryknollsociety.org\/misioneros\/#\/schema\/logo\/image\/\"}}]}<\/script>\n<!-- \/ Yoast SEO plugin. -->","yoast_head_json":{"title":"Discernimiento - Misioneros Maryknoll","robots":{"index":"noindex","follow":"follow","max-snippet":"max-snippet:-1","max-image-preview":"max-image-preview:large","max-video-preview":"max-video-preview:-1"},"og_locale":"es_ES","og_type":"article","og_title":"Discernimiento - Misioneros Maryknoll","og_description":"La misi\u00f3n del equipo del Ministerio de Vocaciones de Maryknoll es facilitar y acompa\u00f1ar a los candidatos de Maryknoll interesados...","og_url":"https:\/\/dev.maryknollsociety.org\/misioneros\/discernimiento\/","og_site_name":"Misioneros Maryknoll","article_modified_time":"2026-01-12T19:39:35+00:00","og_image":[{"width":1440,"height":1080,"url":"https:\/\/dev.maryknollsociety.org\/misioneros\/wp-content\/uploads\/sites\/3\/2026\/01\/disc.jpg","type":"image\/jpeg"}],"twitter_card":"summary_large_image","twitter_misc":{"Tiempo de lectura":"3 minutos"},"schema":{"@context":"https:\/\/schema.org","@graph":[{"@type":"WebPage","@id":"https:\/\/dev.maryknollsociety.org\/misioneros\/discernimiento\/","url":"https:\/\/dev.maryknollsociety.org\/misioneros\/discernimiento\/","name":"Discernimiento - Misioneros Maryknoll","isPartOf":{"@id":"https:\/\/dev.maryknollsociety.org\/misioneros\/#website"},"primaryImageOfPage":{"@id":"https:\/\/dev.maryknollsociety.org\/misioneros\/discernimiento\/#primaryimage"},"image":{"@id":"https:\/\/dev.maryknollsociety.org\/misioneros\/discernimiento\/#primaryimage"},"thumbnailUrl":"https:\/\/dev.maryknollsociety.org\/misioneros\/wp-content\/uploads\/sites\/3\/2026\/01\/disc-1024x768.jpg","datePublished":"2026-01-12T19:36:53+00:00","dateModified":"2026-01-12T19:39:35+00:00","breadcrumb":{"@id":"https:\/\/dev.maryknollsociety.org\/misioneros\/discernimiento\/#breadcrumb"},"inLanguage":"es","potentialAction":[{"@type":"ReadAction","target":["https:\/\/dev.maryknollsociety.org\/misioneros\/discernimiento\/"]}]},{"@type":"ImageObject","inLanguage":"es","@id":"https:\/\/dev.maryknollsociety.org\/misioneros\/discernimiento\/#primaryimage","url":"https:\/\/dev.maryknollsociety.org\/misioneros\/wp-content\/uploads\/sites\/3\/2026\/01\/disc.jpg","contentUrl":"https:\/\/dev.maryknollsociety.org\/misioneros\/wp-content\/uploads\/sites\/3\/2026\/01\/disc.jpg","width":1440,"height":1080,"caption":"Tres sacerdotes Maryknoll celebran misa."},{"@type":"BreadcrumbList","@id":"https:\/\/dev.maryknollsociety.org\/misioneros\/discernimiento\/#breadcrumb","itemListElement":[{"@type":"ListItem","position":1,"name":"Home","item":"https:\/\/dev.maryknollsociety.org\/misioneros\/"},{"@type":"ListItem","position":2,"name":"Discernimiento"}]},{"@type":"WebSite","@id":"https:\/\/dev.maryknollsociety.org\/misioneros\/#website","url":"https:\/\/dev.maryknollsociety.org\/misioneros\/","name":"Misioneros Maryknoll","description":"","publisher":{"@id":"https:\/\/dev.maryknollsociety.org\/misioneros\/#organization"},"potentialAction":[{"@type":"SearchAction","target":{"@type":"EntryPoint","urlTemplate":"https:\/\/dev.maryknollsociety.org\/misioneros\/?s={search_term_string}"},"query-input":{"@type":"PropertyValueSpecification","valueRequired":true,"valueName":"search_term_string"}}],"inLanguage":"es"},{"@type":"Organization","@id":"https:\/\/dev.maryknollsociety.org\/misioneros\/#organization","name":"Misioneros Maryknoll","url":"https:\/\/dev.maryknollsociety.org\/misioneros\/","logo":{"@type":"ImageObject","inLanguage":"es","@id":"https:\/\/dev.maryknollsociety.org\/misioneros\/#\/schema\/logo\/image\/","url":"https:\/\/dev.maryknollsociety.org\/misioneros\/wp-content\/uploads\/sites\/3\/2025\/05\/cropped-MKFB_Logo_Transparet1.png","contentUrl":"https:\/\/dev.maryknollsociety.org\/misioneros\/wp-content\/uploads\/sites\/3\/2025\/05\/cropped-MKFB_Logo_Transparet1.png","width":333,"height":68,"caption":"Misioneros Maryknoll"},"image":{"@id":"https:\/\/dev.maryknollsociety.org\/misioneros\/#\/schema\/logo\/image\/"}}]}},"_links":{"self":[{"href":"https:\/\/dev.maryknollsociety.org\/misioneros\/wp-json\/wp\/v2\/pages\/5343","targetHints":{"allow":["GET"]}}],"collection":[{"href":"https:\/\/dev.maryknollsociety.org\/misioneros\/wp-json\/wp\/v2\/pages"}],"about":[{"href":"https:\/\/dev.maryknollsociety.org\/misioneros\/wp-json\/wp\/v2\/types\/page"}],"author":[{"embeddable":true,"href":"https:\/\/dev.maryknollsociety.org\/misioneros\/wp-json\/wp\/v2\/users\/1"}],"replies":[{"embeddable":true,"href":"https:\/\/dev.maryknollsociety.org\/misioneros\/wp-json\/wp\/v2\/comments?post=5343"}],"version-history":[{"count":3,"href":"https:\/\/dev.maryknollsociety.org\/misioneros\/wp-json\/wp\/v2\/pages\/5343\/revisions"}],"predecessor-version":[{"id":5348,"href":"https:\/\/dev.maryknollsociety.org\/misioneros\/wp-json\/wp\/v2\/pages\/5343\/revisions\/5348"}],"wp:attachment":[{"href":"https:\/\/dev.maryknollsociety.org\/misioneros\/wp-json\/wp\/v2\/media?parent=5343"}],"wp:term":[{"taxonomy":"folder","embeddable":true,"href":"https:\/\/dev.maryknollsociety.org\/misioneros\/wp-json\/wp\/v2\/folder?post=5343"}],"curies":[{"name":"wp","href":"https:\/\/api.w.org\/{rel}","templated":true}]}}