{"id":3790,"date":"2025-11-26T14:54:39","date_gmt":"2025-11-26T14:54:39","guid":{"rendered":"https:\/\/dev.maryknollsociety.org\/misioneros\/?page_id=3790"},"modified":"2025-12-24T08:38:15","modified_gmt":"2025-12-24T08:38:15","slug":"ademas","status":"publish","type":"page","link":"https:\/\/dev.maryknollsociety.org\/misioneros\/ademas\/","title":{"rendered":"Adem\u00e1s\u00a0"},"content":{"rendered":"\r\n\r\n\r\n\r\n\r\n        <div class=\"site-content banner-page-title\">\r\n            <h1>\r\n                Adem\u00e1s\u00a0            <\/h1>\r\n        <\/div>\r\n\n\n\n<div style=\"height:20px\" aria-hidden=\"true\" class=\"wp-block-spacer\"><\/div>\n\n\n\n<div class=\"wp-block-essential-blocks-row alignfull page-preview-row  root-eb-row-iyofl\"><div class=\"eb-parent-wrapper eb-parent-eb-row-iyofl \"><div class=\"eb-row-root-container eb-row-iyofl\" data-id=\"eb-row-iyofl\"><div class=\"eb-row-wrapper\"><div class=\"eb-row-inner\">\n<div class=\"wp-block-essential-blocks-column  root-eb-column-2iea4\"><div class=\"eb-parent-wrapper eb-parent-eb-column-2iea4 \"><div class=\"eb-column-wrapper eb-column-2iea4\"><div class=\"eb-column-inner\">\n\n<div class=\"mk-post-card\">\n            <div class=\"mk-post-card-image\">\n            <a href=\"\/misioneros\/meditacion-fotografica\/\" title=\"Meditaci\u00f3n Fotogr\u00e1fica\" >\n                <img decoding=\"async\" src=\"https:\/\/dev.maryknollsociety.org\/misioneros\/wp-content\/uploads\/sites\/3\/2025\/10\/F25-photo-med-1-1536x1250-1.jpg\" alt=\"A stunning, painted ceiling and intricate walls of a cathedral sun-lit creates a solemn and wondrous scene\" \/>\n            <\/a>\n        <\/div>\n        <div class=\"mk-post-card-content\">\n                    <h2 class=\"mk-post-card-title\">                <a href=\"\/misioneros\/meditacion-fotografica\/\" title=\"Meditaci\u00f3n Fotogr\u00e1fica\"  >Meditaci\u00f3n Fotogr\u00e1fica<\/a>\n            <\/h2>                            <div class=\"mk-post-card-text\">Reflexiones sobre el mensaje de Dios a trav\u00e9s de oraciones y poemas escritos por el Padre Joseph R. Veneroso, con inspiradoras fotograf\u00edas de todo el mundo.<\/div>\n                            <div class=\"mk-post-card-link-row\">\n                <a href=\"\/misioneros\/meditacion-fotografica\/\" title=\"Meditaci\u00f3n Fotogr\u00e1fica\" class=\"\" >Leer M\u00e1s<i class=\"fas fa-chevron-right eb-button-icon eb-button-icon-left hvr-icon\"><\/i><\/a>\n            <\/div>\n            <\/div>\n<\/div> <\/div><\/div><\/div><\/div>\n\n\n\n<div class=\"wp-block-essential-blocks-column  root-eb-column-m80vx\"><div class=\"eb-parent-wrapper eb-parent-eb-column-m80vx \"><div class=\"eb-column-wrapper eb-column-m80vx\"><div class=\"eb-column-inner\">\n\n<div class=\"mk-post-card\">\n            <div class=\"mk-post-card-image\">\n            <a href=\"\/misioneros\/mision-en-accion\/\" title=\"Misi\u00f3n en Acci\u00f3n\" >\n                <img decoding=\"async\" src=\"https:\/\/dev.maryknollsociety.org\/misioneros\/wp-content\/uploads\/sites\/3\/2025\/10\/32-33-Centerspread-SP24-Feature-1000x675-1.jpg\" alt=\"Misi\u00f3n en Acci\u00f3n 2024\" \/>\n            <\/a>\n        <\/div>\n        <div class=\"mk-post-card-content\">\n                    <h2 class=\"mk-post-card-title\">                <a href=\"\/misioneros\/mision-en-accion\/\" title=\"Misi\u00f3n en Acci\u00f3n\"  >Misi\u00f3n en Acci\u00f3n<\/a>\n            <\/h2>                            <div class=\"mk-post-card-text\">Enviadas por los misioneros o tomadas por nuestros reporteros, cada fotograf\u00eda de Misi\u00f3n en Acci\u00f3n tiene una leyenda que describe brevemente ese momento de la vida misionera.<\/div>\n                            <div class=\"mk-post-card-link-row\">\n                <a href=\"\/misioneros\/mision-en-accion\/\" title=\"Misi\u00f3n en Acci\u00f3n\" class=\"\" >Leer M\u00e1s<i class=\"fas fa-chevron-right eb-button-icon eb-button-icon-left hvr-icon\"><\/i><\/a>\n            <\/div>\n            <\/div>\n<\/div> <\/div><\/div><\/div><\/div>\n\n\n\n<div class=\"wp-block-essential-blocks-column  root-eb-column-29hk1\"><div class=\"eb-parent-wrapper eb-parent-eb-column-29hk1 \"><div class=\"eb-column-wrapper eb-column-29hk1\"><div class=\"eb-column-inner\">\n\n<div class=\"mk-post-card\">\n            <div class=\"mk-post-card-image\">\n            <a href=\"\/misioneros\/category\/asuntos-globales\/\" title=\"Asuntos Globales\" >\n                <img decoding=\"async\" src=\"https:\/\/dev.maryknollsociety.org\/misioneros\/wp-content\/uploads\/sites\/3\/2025\/10\/SU25-Asuntos-peru.jpg\" alt=\"Per\u00fa: Justicia para manifestantes ind\u00edgenas&quot;\" \/>\n            <\/a>\n        <\/div>\n        <div class=\"mk-post-card-content\">\n                    <h2 class=\"mk-post-card-title\">                <a href=\"\/misioneros\/category\/asuntos-globales\/\" title=\"Asuntos Globales\"  >Asuntos Globales<\/a>\n            <\/h2>                            <div class=\"mk-post-card-text\">Noticias y temas de la Oficina de Maryknoll para Asuntos Globales, con sede en Washington, D.C., sobre asuntos de paz, justicia social e integridad de la creaci\u00f3n, en el mundo.<\/div>\n                            <div class=\"mk-post-card-link-row\">\n                <a href=\"\/misioneros\/category\/asuntos-globales\/\" title=\"Asuntos Globales\" class=\"\" >Leer M\u00e1s<i class=\"fas fa-chevron-right eb-button-icon eb-button-icon-left hvr-icon\"><\/i><\/a>\n            <\/div>\n            <\/div>\n<\/div> <\/div><\/div><\/div><\/div>\n<\/div><\/div><\/div><\/div><\/div>\n\n\n\n<div style=\"height:45px\" aria-hidden=\"true\" class=\"wp-block-spacer\"><\/div>\n\n\n\n<div class=\"wp-block-essential-blocks-row alignfull page-preview-row  root-eb-row-0asia\"><div class=\"eb-parent-wrapper eb-parent-eb-row-0asia \"><div class=\"eb-row-root-container eb-row-0asia\" data-id=\"eb-row-0asia\"><div class=\"eb-row-wrapper\"><div class=\"eb-row-inner\">\n<div class=\"wp-block-essential-blocks-column  root-eb-column-ixe4h\"><div class=\"eb-parent-wrapper eb-parent-eb-column-ixe4h \"><div class=\"eb-column-wrapper eb-column-ixe4h\"><div class=\"eb-column-inner\">\n\n<div class=\"mk-post-card\">\n            <div class=\"mk-post-card-image\">\n            <a href=\"\/misioneros\/category\/relatos-misioneros\/\" title=\"Relatos Misioneros\" >\n                <img decoding=\"async\" src=\"https:\/\/dev.maryknollsociety.org\/misioneros\/wp-content\/uploads\/sites\/3\/2025\/10\/F25-tales-feature.jpg\" alt=\"Relatos Misioneros Oto\u00f1o 2025\" \/>\n            <\/a>\n        <\/div>\n        <div class=\"mk-post-card-content\">\n                    <h2 class=\"mk-post-card-title\">                <a href=\"\/misioneros\/category\/relatos-misioneros\/\" title=\"Relatos Misioneros\"  >Relatos Misioneros<\/a>\n            <\/h2>                            <div class=\"mk-post-card-text\">Experiencias de las misiones, contadas por misioneros y voluntarios de Maryknoll. Estas peque\u00f1as historias, en general, son inspiradas en encuentros con personas en los m\u00e1rgenes.<\/div>\n                            <div class=\"mk-post-card-link-row\">\n                <a href=\"\/misioneros\/category\/relatos-misioneros\/\" title=\"Relatos Misioneros\" class=\"\" >Leer M\u00e1s<i class=\"fas fa-chevron-right eb-button-icon eb-button-icon-left hvr-icon\"><\/i><\/a>\n            <\/div>\n            <\/div>\n<\/div> <\/div><\/div><\/div><\/div>\n\n\n\n<div class=\"wp-block-essential-blocks-column  root-eb-column-j9mdo\"><div class=\"eb-parent-wrapper eb-parent-eb-column-j9mdo \"><div class=\"eb-column-wrapper eb-column-j9mdo\"><div class=\"eb-column-inner\">\n\n<div class=\"mk-post-card\">\n            <div class=\"mk-post-card-image\">\n            <a href=\"\/misioneros\/category\/oracion-por-las-vocaciones\/\" title=\"Oraci\u00f3n por las Vocaciones\" >\n                <img decoding=\"async\" src=\"https:\/\/dev.maryknollsociety.org\/misioneros\/wp-content\/uploads\/sites\/3\/2025\/10\/F25-prayer-vocations-feature.jpg\" alt=\"Apacienta mis ovejas: una oraci\u00f3n por las vocaciones\" \/>\n            <\/a>\n        <\/div>\n        <div class=\"mk-post-card-content\">\n                    <h2 class=\"mk-post-card-title\">                <a href=\"\/misioneros\/category\/oracion-por-las-vocaciones\/\" title=\"Oraci\u00f3n por las Vocaciones\"  >Oraci\u00f3n por las Vocaciones<\/a>\n            <\/h2>                            <div class=\"mk-post-card-text\">En tiempos dif\u00edciles Querido Dios, en medio de un mundo bullicioso me presento ante ti en b\u00fasqueda del silencio para escuchar tu voz. Es muy f\u00e1cil distraerse con titulares diarios, <\/div>\n                            <div class=\"mk-post-card-link-row\">\n                <a href=\"\/misioneros\/category\/oracion-por-las-vocaciones\/\" title=\"Oraci\u00f3n por las Vocaciones\" class=\"\" >Leer M\u00e1s<i class=\"fas fa-chevron-right eb-button-icon eb-button-icon-left hvr-icon\"><\/i><\/a>\n            <\/div>\n            <\/div>\n<\/div> <\/div><\/div><\/div><\/div>\n\n\n\n<div class=\"wp-block-essential-blocks-column  root-eb-column-2bbwt\"><div class=\"eb-parent-wrapper eb-parent-eb-column-2bbwt \"><div class=\"eb-column-wrapper eb-column-2bbwt\"><div class=\"eb-column-inner\">\n\n<div class=\"mk-post-card\">\n            <div class=\"mk-post-card-image\">\n            <a href=\"\/misioneros\/category\/ver-juzgar-actuar\/\" title=\"Ver \u2022 Juzgar \u2022 Actuar\" >\n                <img decoding=\"async\" src=\"https:\/\/dev.maryknollsociety.org\/misioneros\/wp-content\/uploads\/sites\/3\/2025\/10\/F25-Sister-Marvie-Misolas-1-e1756309287220.webp\" alt=\"Plantar justicia clim\u00e1tica en Filipinas\" \/>\n            <\/a>\n        <\/div>\n        <div class=\"mk-post-card-content\">\n                    <h2 class=\"mk-post-card-title\">                <a href=\"\/misioneros\/category\/ver-juzgar-actuar\/\" title=\"Ver \u2022 Juzgar \u2022 Actuar\"  >Ver \u2022 Juzgar \u2022 Actuar<\/a>\n            <\/h2>                            <div class=\"mk-post-card-text\">Lee los art\u00edculos de  la revista Misioneros, hay dos en cada ejemplar, que contienen una gu\u00eda de reflexi\u00f3n, que usa la metodolog\u00eda Ver-Juzgar-Actuar, conocida como el C\u00edrculo Pastoral. Son aptos para grupos o uso individual. <\/div>\n                            <div class=\"mk-post-card-link-row\">\n                <a href=\"\/misioneros\/category\/ver-juzgar-actuar\/\" title=\"Ver \u2022 Juzgar \u2022 Actuar\" class=\"\" >Leer M\u00e1s<i class=\"fas fa-chevron-right eb-button-icon eb-button-icon-left hvr-icon\"><\/i><\/a>\n            <\/div>\n            <\/div>\n<\/div> <\/div><\/div><\/div><\/div>\n<\/div><\/div><\/div><\/div><\/div>\n\n\n\n<div style=\"height:45px\" aria-hidden=\"true\" class=\"wp-block-spacer\"><\/div>\n\n\n\n<div class=\"wp-block-essential-blocks-row alignfull page-preview-row  root-eb-row-2a5di\"><div class=\"eb-parent-wrapper eb-parent-eb-row-2a5di \"><div class=\"eb-row-root-container eb-row-2a5di\" data-id=\"eb-row-2a5di\"><div class=\"eb-row-wrapper\"><div class=\"eb-row-inner\">\n<div class=\"wp-block-essential-blocks-column  root-eb-column-mpgbz\"><div class=\"eb-parent-wrapper eb-parent-eb-column-mpgbz \"><div class=\"eb-column-wrapper eb-column-mpgbz\"><div class=\"eb-column-inner\">\n\n<div class=\"mk-post-card\">\n            <div class=\"mk-post-card-image\">\n            <a href=\"\/misioneros\/category\/cartas\/\" title=\"Cartas\" >\n                <img decoding=\"async\" src=\"https:\/\/dev.maryknollsociety.org\/misioneros\/wp-content\/uploads\/sites\/3\/2025\/10\/F25-Cartas-feature-1.jpg\" alt=\"Cartas Oto\u00f1o 2025\" \/>\n            <\/a>\n        <\/div>\n        <div class=\"mk-post-card-content\">\n                    <h2 class=\"mk-post-card-title\">                <a href=\"\/misioneros\/category\/cartas\/\" title=\"Cartas\"  >Cartas<\/a>\n            <\/h2>                            <div class=\"mk-post-card-text\">Cartas de nuestros lectores al director de la revista Misioneros.<\/div>\n                            <div class=\"mk-post-card-link-row\">\n                <a href=\"\/misioneros\/category\/cartas\/\" title=\"Cartas\" class=\"\" >Leer M\u00e1s<i class=\"fas fa-chevron-right eb-button-icon eb-button-icon-left hvr-icon\"><\/i><\/a>\n            <\/div>\n            <\/div>\n<\/div> <\/div><\/div><\/div><\/div>\n\n\n\n<div class=\"wp-block-essential-blocks-column  root-eb-column-5ngke\"><div class=\"eb-parent-wrapper eb-parent-eb-column-5ngke \"><div class=\"eb-column-wrapper eb-column-5ngke\"><div class=\"eb-column-inner\"><\/div><\/div><\/div><\/div>\n\n\n\n<div class=\"wp-block-essential-blocks-column  root-eb-column-o691w\"><div class=\"eb-parent-wrapper eb-parent-eb-column-o691w \"><div class=\"eb-column-wrapper eb-column-o691w\"><div class=\"eb-column-inner\"><\/div><\/div><\/div><\/div>\n<\/div><\/div><\/div><\/div><\/div>\n\n\n\n<style data-wp-block-html=\"css\">\n.page-preview-row .eb-parent-wrapper,\n.page-preview-row .eb-column-wrapper,\n.page-preview-row .eb-column-inner,\n.page-preview-row .mk-post-card {\n  height: 100%;\n}\n<\/style>\n","protected":false},"excerpt":{"rendered":"","protected":false},"author":1,"featured_media":0,"parent":0,"menu_order":0,"comment_status":"closed","ping_status":"closed","template":"","meta":{"_acf_changed":false,"_eb_attr":"","_eb_data_table":"","footnotes":""},"folder":[],"class_list":["post-3790","page","type-page","status-publish","hentry"],"acf":[],"yoast_head":"<!-- This site is optimized with the Yoast SEO plugin v26.5 - https:\/\/yoast.com\/wordpress\/plugins\/seo\/ -->\n<title>Adem\u00e1s\u00a0 - Misioneros Maryknoll<\/title>\n<meta name=\"robots\" content=\"noindex, follow, max-snippet:-1, max-image-preview:large, max-video-preview:-1\" \/>\n<meta property=\"og:locale\" content=\"es_ES\" \/>\n<meta property=\"og:type\" content=\"article\" \/>\n<meta property=\"og:title\" content=\"Adem\u00e1s\u00a0 - Misioneros Maryknoll\" \/>\n<meta property=\"og:url\" content=\"https:\/\/dev.maryknollsociety.org\/misioneros\/ademas\/\" \/>\n<meta property=\"og:site_name\" content=\"Misioneros Maryknoll\" \/>\n<meta property=\"article:modified_time\" content=\"2025-12-24T08:38:15+00:00\" \/>\n<meta name=\"twitter:card\" content=\"summary_large_image\" \/>\n<script type=\"application\/ld+json\" class=\"yoast-schema-graph\">{\"@context\":\"https:\/\/schema.org\",\"@graph\":[{\"@type\":\"WebPage\",\"@id\":\"https:\/\/dev.maryknollsociety.org\/misioneros\/ademas\/\",\"url\":\"https:\/\/dev.maryknollsociety.org\/misioneros\/ademas\/\",\"name\":\"Adem\u00e1s\u00a0 - Misioneros Maryknoll\",\"isPartOf\":{\"@id\":\"https:\/\/dev.maryknollsociety.org\/misioneros\/#website\"},\"datePublished\":\"2025-11-26T14:54:39+00:00\",\"dateModified\":\"2025-12-24T08:38:15+00:00\",\"breadcrumb\":{\"@id\":\"https:\/\/dev.maryknollsociety.org\/misioneros\/ademas\/#breadcrumb\"},\"inLanguage\":\"es\",\"potentialAction\":[{\"@type\":\"ReadAction\",\"target\":[\"https:\/\/dev.maryknollsociety.org\/misioneros\/ademas\/\"]}]},{\"@type\":\"BreadcrumbList\",\"@id\":\"https:\/\/dev.maryknollsociety.org\/misioneros\/ademas\/#breadcrumb\",\"itemListElement\":[{\"@type\":\"ListItem\",\"position\":1,\"name\":\"Home\",\"item\":\"https:\/\/dev.maryknollsociety.org\/misioneros\/\"},{\"@type\":\"ListItem\",\"position\":2,\"name\":\"Adem\u00e1s\u00a0\"}]},{\"@type\":\"WebSite\",\"@id\":\"https:\/\/dev.maryknollsociety.org\/misioneros\/#website\",\"url\":\"https:\/\/dev.maryknollsociety.org\/misioneros\/\",\"name\":\"Misioneros Maryknoll\",\"description\":\"\",\"publisher\":{\"@id\":\"https:\/\/dev.maryknollsociety.org\/misioneros\/#organization\"},\"potentialAction\":[{\"@type\":\"SearchAction\",\"target\":{\"@type\":\"EntryPoint\",\"urlTemplate\":\"https:\/\/dev.maryknollsociety.org\/misioneros\/?s={search_term_string}\"},\"query-input\":{\"@type\":\"PropertyValueSpecification\",\"valueRequired\":true,\"valueName\":\"search_term_string\"}}],\"inLanguage\":\"es\"},{\"@type\":\"Organization\",\"@id\":\"https:\/\/dev.maryknollsociety.org\/misioneros\/#organization\",\"name\":\"Misioneros Maryknoll\",\"url\":\"https:\/\/dev.maryknollsociety.org\/misioneros\/\",\"logo\":{\"@type\":\"ImageObject\",\"inLanguage\":\"es\",\"@id\":\"https:\/\/dev.maryknollsociety.org\/misioneros\/#\/schema\/logo\/image\/\",\"url\":\"https:\/\/dev.maryknollsociety.org\/misioneros\/wp-content\/uploads\/sites\/3\/2025\/05\/cropped-MKFB_Logo_Transparet1.png\",\"contentUrl\":\"https:\/\/dev.maryknollsociety.org\/misioneros\/wp-content\/uploads\/sites\/3\/2025\/05\/cropped-MKFB_Logo_Transparet1.png\",\"width\":333,\"height\":68,\"caption\":\"Misioneros Maryknoll\"},\"image\":{\"@id\":\"https:\/\/dev.maryknollsociety.org\/misioneros\/#\/schema\/logo\/image\/\"}}]}<\/script>\n<!-- \/ Yoast SEO plugin. -->","yoast_head_json":{"title":"Adem\u00e1s\u00a0 - Misioneros Maryknoll","robots":{"index":"noindex","follow":"follow","max-snippet":"max-snippet:-1","max-image-preview":"max-image-preview:large","max-video-preview":"max-video-preview:-1"},"og_locale":"es_ES","og_type":"article","og_title":"Adem\u00e1s\u00a0 - Misioneros Maryknoll","og_url":"https:\/\/dev.maryknollsociety.org\/misioneros\/ademas\/","og_site_name":"Misioneros Maryknoll","article_modified_time":"2025-12-24T08:38:15+00:00","twitter_card":"summary_large_image","schema":{"@context":"https:\/\/schema.org","@graph":[{"@type":"WebPage","@id":"https:\/\/dev.maryknollsociety.org\/misioneros\/ademas\/","url":"https:\/\/dev.maryknollsociety.org\/misioneros\/ademas\/","name":"Adem\u00e1s\u00a0 - Misioneros Maryknoll","isPartOf":{"@id":"https:\/\/dev.maryknollsociety.org\/misioneros\/#website"},"datePublished":"2025-11-26T14:54:39+00:00","dateModified":"2025-12-24T08:38:15+00:00","breadcrumb":{"@id":"https:\/\/dev.maryknollsociety.org\/misioneros\/ademas\/#breadcrumb"},"inLanguage":"es","potentialAction":[{"@type":"ReadAction","target":["https:\/\/dev.maryknollsociety.org\/misioneros\/ademas\/"]}]},{"@type":"BreadcrumbList","@id":"https:\/\/dev.maryknollsociety.org\/misioneros\/ademas\/#breadcrumb","itemListElement":[{"@type":"ListItem","position":1,"name":"Home","item":"https:\/\/dev.maryknollsociety.org\/misioneros\/"},{"@type":"ListItem","position":2,"name":"Adem\u00e1s\u00a0"}]},{"@type":"WebSite","@id":"https:\/\/dev.maryknollsociety.org\/misioneros\/#website","url":"https:\/\/dev.maryknollsociety.org\/misioneros\/","name":"Misioneros Maryknoll","description":"","publisher":{"@id":"https:\/\/dev.maryknollsociety.org\/misioneros\/#organization"},"potentialAction":[{"@type":"SearchAction","target":{"@type":"EntryPoint","urlTemplate":"https:\/\/dev.maryknollsociety.org\/misioneros\/?s={search_term_string}"},"query-input":{"@type":"PropertyValueSpecification","valueRequired":true,"valueName":"search_term_string"}}],"inLanguage":"es"},{"@type":"Organization","@id":"https:\/\/dev.maryknollsociety.org\/misioneros\/#organization","name":"Misioneros Maryknoll","url":"https:\/\/dev.maryknollsociety.org\/misioneros\/","logo":{"@type":"ImageObject","inLanguage":"es","@id":"https:\/\/dev.maryknollsociety.org\/misioneros\/#\/schema\/logo\/image\/","url":"https:\/\/dev.maryknollsociety.org\/misioneros\/wp-content\/uploads\/sites\/3\/2025\/05\/cropped-MKFB_Logo_Transparet1.png","contentUrl":"https:\/\/dev.maryknollsociety.org\/misioneros\/wp-content\/uploads\/sites\/3\/2025\/05\/cropped-MKFB_Logo_Transparet1.png","width":333,"height":68,"caption":"Misioneros Maryknoll"},"image":{"@id":"https:\/\/dev.maryknollsociety.org\/misioneros\/#\/schema\/logo\/image\/"}}]}},"_links":{"self":[{"href":"https:\/\/dev.maryknollsociety.org\/misioneros\/wp-json\/wp\/v2\/pages\/3790","targetHints":{"allow":["GET"]}}],"collection":[{"href":"https:\/\/dev.maryknollsociety.org\/misioneros\/wp-json\/wp\/v2\/pages"}],"about":[{"href":"https:\/\/dev.maryknollsociety.org\/misioneros\/wp-json\/wp\/v2\/types\/page"}],"author":[{"embeddable":true,"href":"https:\/\/dev.maryknollsociety.org\/misioneros\/wp-json\/wp\/v2\/users\/1"}],"replies":[{"embeddable":true,"href":"https:\/\/dev.maryknollsociety.org\/misioneros\/wp-json\/wp\/v2\/comments?post=3790"}],"version-history":[{"count":23,"href":"https:\/\/dev.maryknollsociety.org\/misioneros\/wp-json\/wp\/v2\/pages\/3790\/revisions"}],"predecessor-version":[{"id":4583,"href":"https:\/\/dev.maryknollsociety.org\/misioneros\/wp-json\/wp\/v2\/pages\/3790\/revisions\/4583"}],"wp:attachment":[{"href":"https:\/\/dev.maryknollsociety.org\/misioneros\/wp-json\/wp\/v2\/media?parent=3790"}],"wp:term":[{"taxonomy":"folder","embeddable":true,"href":"https:\/\/dev.maryknollsociety.org\/misioneros\/wp-json\/wp\/v2\/folder?post=3790"}],"curies":[{"name":"wp","href":"https:\/\/api.w.org\/{rel}","templated":true}]}}